ndreds digit of 20480?
4
What is the ten thousands digit of 18563?
1
What is the tens digit of 1522?
2
What is the hundreds digit of 130353?
3
What is the tens digit of 805?
0
What is the units digit of 14601?
1
What is the ten thousands digit of 11921?
1
What is the ten thousands digit of 11162?
1
What is the hundreds digit of 17286?
2
What is the hundreds digit of 1357?
3
What is the tens digit of 227?
2
What is the thousands digit of 5617?
5
What is the thousands digit of 2928?
2
What is the hundred thousands digit of 114219?
1
What is the hundreds digit of 417?
4
What is the tens digit of 698?
9
What is the units digit of 8096?
6
What is the units digit of 32786?
6
What is the thousands digit of 30139?
0
What is the ten thousands digit of 19952?
1
What is the hundreds digit of 5307?
3
What is the ten thousands digit of 27662?
2
What is the hundreds digit of 3332?
3
What is the hundreds digit of 5458?
4
What is the units digit of 1016?
6
What is the thousands digit of 14008?
4
What is the thousands digit of 1266?
1
What is the units digit of 10701?
1
What is the ten thousands digit of 26611?
2
What is the ten thousands digit of 16909?
1
What is the thousands digit of 1518?
1
What is the hundreds digit of 695?
6
What is the units digit of 31565?
5
What is the thousands digit of 10776?
0
What is the hundreds digit of 973?
9
What is the hundreds digit of 5244?
2
What is the thousands digit of 2723?
2
What is the units digit of 103580?
0
What is the tens digit of 3129?
2
What is the units digit of 30498?
8
What is the tens digit of 6312?
1
What is the tens digit of 1701?
0
What is the units digit of 25?
5
What is the thousands digit of 3990?
3
What is the units digit of 14271?
1
What is the units digit of 12245?
5
What is the tens digit of 56?
5
What is the thousands digit of 52643?
2
What is the units digit of 9331?
1
What is the thousands digit of 26067?
6
What is the hundreds digit of 436?
4
What is the tens digit of 30434?
3
What is the tens digit of 239?
3
What is the units digit of 1113?
3
What is the units digit of 512?
2
What is the hundreds digit of 91903?
9
What is the units digit of 2309?
9
What is the thousands digit of 2740?
2
What is the hundreds digit of 9457?
4
What is the thousands digit of 25362?
5
What is the thousands digit of 15530?
5
What is the tens digit of 8553?
5
What is the tens digit of 321?
2
What is the thousands digit of 1499?
1
What is the tens digit of 1125?
2
What is the units digit of 5194?
4
What is the ten thousands digit of 35601?
3
What is the hundred thousands digit of 112295?
1
What is the thousands digit of 112927?
2
What is the tens digit of 1380?
8
What is the tens digit of 8210?
1
What is the units digit of 4152?
2
What is the hundreds digit of 19715?
7
What is the tens digit of 8773?
7
What is the thousands digit of 3450?
3
What is the units digit of 843?
3
What is the units digit of 7246?
6
What is the thousands digit of 1235?
1
What is the tens digit of 6582?
8
What is the units digit of 605?
5
What is the thousands digit of 36889?
6
What is the units digit of 11755?
5
What is the tens digit of 717?
1
What is the tens digit of 12220?
2
What is the hundreds digit of 19086?
0
What is the units digit of 4318?
8
What is the tens digit of 6055?
5
What is the thousands digit of 6010?
6
What is the ten thousands digit of 49727?
4
What is the thousands digit of 3350?
3
What is the ten thousands digit of 14787?
1
What is the ten thousands digit of 14380?
1
What is the thousands digit of 1429?
1
What is the thousands digit of 2295?
2
What is the units digit of 58955?
5
What is the ten thousands digit of 72923?
7
What is the hundreds digit of 980?
9
What is the thousands digit of 9639?
9
What is the tens digit of 849?
4
What is the units digit of 30?
0
What is the hundreds digit of 5701?
7
What is the tens digit of 25023?
2
What is the thousands digit of 15726?
5
What is the hundreds digit of 789?
7
What is the tens digit of 7226?
2
What is the tens digit of 16066?
6
What is the hundreds digit of 834?
8
What is the hundreds digit of 4448?
4
What is the tens digit of 3386?
8
What is the units digit of 3569?
9
What is the hundreds digit of 15396?
3
What is the hundreds digit of 7309?
3
What is the units digit of 42967?
7
What is the tens digit of 1962?
6
What is the tens digit of 2164?
6
What is the ten thousands digit of 91605?
9
What is the thousands digit of 125390?
5
What is the tens digit of 5335?
3
What is the thousands digit of 65960?
5
What is the thousands digit of 90653?
0
What is the tens digit of 233?
3
What is the units digit of 4161?
1
What is the units digit of 11921?
1
What is the units digit of 32947?
7
What is the ten thousands digit of 41931?
4
What is the units digit of 1?
1
What is the thousands digit of 8734?
8
What is the thousands digit of 7261?
7
What is the units digit of 1358?
8
What is the thousands digit of 98539?
8
What is the tens digit of 3021?
2
What is the units digit of 703?
3
What is the units digit of 35728?
8
What is the tens digit of 35537?
3
What is the ten thousands digit of 15524?
1
What is the tens digit of 735?
3
What is the hundreds digit of 1618?
6
What is the thousands digit of 43948?
3
What is the units digit of 7741?
1
What is the tens digit of 1070?
7
What is the thousands digit of 1045?
1
What is the tens digit of 2183?
8
What is the thousands digit of 9664?
9
What is the thousands digit of 1016?
1
What is the thousands digit of 4292?
4
What is the thousands digit of 12705?
2
What is the hundreds digit of 933?
9
What is the ten thousands digit of 20890?
2
What is the hundreds digit of 10968?
9
What is the thousands digit of 1143?
1
What is the units digit of 68297?
7
What is the thousands digit of 83842?
3
What is the thousands digit of 2371?
2
What is the tens digit of 46233?
3
What is the tens digit of 460?
6
What is the tens digit of 33915?
1
What is the units digit of 24087?
7
What is the hundreds digit of 1297?
2
What is the hundred thousands digit of 130874?
1
What is the tens digit of 3267?
6
What is the tens digit of 773?
7
What is the hundreds digit of 19469?
4
What is the hundreds digit of 4907?
9
What is the thousands digit of 30595?
0
What is the ten thousands digit of 18979?
1
What is the tens digit of 67025?
2
What is the units digit of 2066?
6
What is the tens digit of 3799?
9
What is the thousands digit of 15217?
5
What is the units digit of 32788?
8
What is the units digit of 999?
9
What is the hundreds digit of 322?
3
What is the thousands digit of 25446?
5
What is the thousands digit of 1748?
1
What is the units digit of 20292?
2
What is the units digit of 987?
7
What is the units digit of 583?
3
What is the hundreds digit of 20988?
9
What is the hundreds digit of 4790?
7
What is the ten thousands digit of 15667?
1
What is the hundreds digit of 1884?
8
What is the hundreds digit of 27250?
2
What is the ten thousands digit of 36539?
3
What is the tens digit of 894?
9
What is the hundreds digit of 50340?
3
What is the units digit of 20490?
0
What is the ten thousands digit of 11349?
1
What is the tens digit of 505?
0
What is the units digit of 93897?
7
What is the hundreds digit of 1324?
3
What is the tens digit of 851?
5
What is the tens digit of 3020?
2
What is the units digit of 98?
8
What is the units digit of 8408?
8
What is the tens digit of 30562?
6
What is the hundreds digit of 348?
3
What is the thousands digit of 1017?
1
What is the hundreds digit of 8460?
4
What is the hundreds digit of 96694?
6
What is the hundreds digit of 442?
4
What is the units digit of 4757?
7
What is the hundreds digit of 560?
5
What is the tens digit of 681?
8
What is the tens digit of 130?
3
What is the thousands digit of 64916?
4
What is the hundreds digit of 8702?
7
What is the thousands digit of 2875?
2
What is the hundreds digit of 14439?
4
What is the units digit of 9972?
2
What is the tens digit of 200?
0
What is the thousands digit of 2010?
2
What is the thousands digit of 1009?
1
What is the tens digit of 986?
8
What is the thousands digit of 5130?
5
What is the tens digit of 293?
9
What is the ten thousands digit of 29055?
2
What is the thousands digit of 16140?
6
What is the tens digit of 3836?
3
What is the thousands digit of 13725?
3
What i